rime factors of 3588?
2, 3, 13, 23
What are the prime factors of 4309?
31, 139
List the prime factors of 889.
7, 127
List the prime factors of 549.
3, 61
What are the prime factors of 5906?
2, 2953
What are the prime factors of 13625?
5, 109
List the prime factors of 10328.
2, 1291
What are the prime factors of 42684?
2, 3, 3557
What are the prime factors of 54036?
2, 3, 19, 79
What are the prime factors of 128?
2
List the prime factors of 32237.
32237
What are the prime factors of 24?
2, 3
List the prime factors of 67317.
3, 19, 1181
What are the prime factors of 24184?
2, 3023
What are the prime factors of 36810?
2, 3, 5, 409
What are the prime factors of 1955?
5, 17, 23
List the prime factors of 5303.
5303
List the prime factors of 600.
2, 3, 5
What are the prime factors of 365?
5, 73
What are the prime factors of 50673?
3, 7, 19, 127
What are the prime factors of 18823?
7, 2689
List the prime factors of 21714.
2, 3, 7, 11, 47
What are the prime factors of 1089?
3, 11
List the prime factors of 23060.
2, 5, 1153
List the prime factors of 42199.
19, 2221
What are the prime factors of 830?
2, 5, 83
List the prime factors of 1659.
3, 7, 79
What are the prime factors of 969?
3, 17, 19
List the prime factors of 193562.
2, 17, 5693
What are the prime factors of 103405?
5, 20681
What are the prime factors of 243?
3
What are the prime factors of 27785?
5, 5557
List the prime factors of 2842.
2, 7, 29
List the prime factors of 1644.
2, 3, 137
List the prime factors of 1394.
2, 17, 41
What are the prime factors of 308?
2, 7, 11
List the prime factors of 125250.
2, 3, 5, 167
List the prime factors of 73310.
2, 5, 7331
What are the prime factors of 855?
3, 5, 19
What are the prime factors of 13789?
13789
List the prime factors of 41939.
17, 2467
List the prime factors of 8357.
61, 137
List the prime factors of 4425.
3, 5, 59
What are the prime factors of 7406?
2, 7, 23
What are the prime factors of 3086?
2, 1543
List the prime factors of 221.
13, 17
What are the prime factors of 867?
3, 17
What are the prime factors of 1312?
2, 41
List the prime factors of 832.
2, 13
List the prime factors of 1696.
2, 53
List the prime factors of 811.
811
List the prime factors of 1833.
3, 13, 47
List the prime factors of 1183.
7, 13
List the prime factors of 274.
2, 137
What are the prime factors of 28242?
2, 3, 523
What are the prime factors of 5584?
2, 349
What are the prime factors of 8379?
3, 7, 19
List the prime factors of 15239.
7, 311
List the prime factors of 41294.
2, 11, 1877
List the prime factors of 9595.
5, 19, 101
List the prime factors of 47707.
11, 4337
List the prime factors of 3401.
19, 179
What are the prime factors of 37120?
2, 5, 29
List the prime factors of 54761.
7, 7823
What are the prime factors of 194?
2, 97
What are the prime factors of 64?
2
What are the prime factors of 146101?
193, 757
What are the prime factors of 52587?
3, 5843
What are the prime factors of 76?
2, 19
What are the prime factors of 477?
3, 53
What are the prime factors of 3412?
2, 853
What are the prime factors of 161136?
2, 3, 373
What are the prime factors of 158084?
2, 39521
List the prime factors of 59826.
2, 3, 13, 59
List the prime factors of 52460.
2, 5, 43, 61
List the prime factors of 490.
2, 5, 7
What are the prime factors of 6145?
5, 1229
List the prime factors of 44351.
44351
List the prime factors of 16151.
31, 521
List the prime factors of 2435.
5, 487
What are the prime factors of 7564?
2, 31, 61
List the prime factors of 870.
2, 3, 5, 29
What are the prime factors of 4174?
2, 2087
What are the prime factors of 521?
521
List the prime factors of 80797.
43, 1879
What are the prime factors of 58308?
2, 3, 43, 113
What are the prime factors of 2126?
2, 1063
List the prime factors of 2533.
17, 149
List the prime factors of 39480.
2, 3, 5, 7, 47
What are the prime factors of 1865?
5, 373
What are the prime factors of 4359?
3, 1453
What are the prime factors of 8063?
11, 733
What are the prime factors of 2280?
2, 3, 5, 19
What are the prime factors of 203?
7, 29
List the prime factors of 1021.
1021
What are the prime factors of 2843?
2843
List the prime factors of 84173.
41, 2053
What are the prime factors of 119?
7, 17
List the prime factors of 1044.
2, 3, 29
What are the prime factors of 17510?
2, 5, 17, 103
List the prime factors of 1235.
5, 13, 19
What are the prime factors of 1465?
5, 293
What are the prime factors of 3702?
2, 3, 617
List the prime factors of 431.
431
List the prime factors of 11266.
2, 43, 131
What are the prime factors of 2080?
2, 5, 13
List the prime factors of 3823.
3823
List the prime factors of 8948.
2, 2237
List the prime factors of 10260.
2, 3, 5, 19
What are the prime factors of 1330?
2, 5, 7, 19
List the prime factors of 656.
2, 41
List the prime factors of 2629.
11, 239
What are the prime factors of 1607?
1607
What are the prime factors of 13468?
2, 7, 13, 37
List the prime factors of 24050.
2, 5, 13, 37
What are the prime factors of 45295?
5, 9059
What are the prime factors of 6251?
7, 19, 47
What are the prime factors of 5659?
5659
What are the prime factors of 966?
2, 3, 7, 23
List the prime factors of 5038.
2, 11, 229
List the prime factors of 467.
467
List the prime factors of 1207.
17, 71
List the prime factors of 1038.
2, 3, 173
What are the prime factors of 3849?
3, 1283
List the prime factors of 1029.
3, 7
What are the prime factors of 22109?
22109
List the prime factors of 2514.
2, 3, 419
List the prime factors of 3283.
7, 67
What are the prime factors of 5441?
5441
What are the prime factors of 1951?
1951
What are the prime factors of 10070?
2, 5, 19, 53
List the prime factors of 1802.
2, 17, 53
What are the prime factors of 2562?
2, 3, 7, 61
What are the prime factors of 33463?
109, 307
What are the prime factors of 3163?
3163
What are the prime factors of 23887?
23887
What are the prime factors of 4571?
7, 653
What are the prime factors of 7?
7
What are the prime factors of 4809?
3, 7, 229
What are the prime factors of 4871?
4871
What are the prime factors of 724?
2, 181
List the prime factors of 12935.
5, 13, 199
List the prime factors of 1758.
2, 3, 293
What are the prime factors of 43713?
3, 1619
List the prime factors of 23868.
2, 3, 13, 17
What are the prime factors of 6444?
2, 3, 179
What are the prime factors of 36037?
36037
List the prime factors of 4951.
4951
What are the prime factors of 9733?
9733
List the prime factors of 53612.
2, 13, 1031
What are the prime factors of 2884?
2, 7, 103
What are the prime factors of 17772?
2, 3, 1481
List the prime factors of 3931.
3931
What are the prime factors of 1210?
2, 5, 11
What are the prime factors of 5558?
2, 7, 397
List the prime factors of 3050.
2, 5, 61
List the prime factors of 154731.
3, 51577
What are the prime factors of 1175?
5, 47
List the prime factors of 75.
3, 5
What are the prime factors of 38207?
13, 2939
What are the prime factors of 678?
2, 3, 113
What are the prime factors of 905?
5, 181
What are the prime factors of 2726?
2, 29, 47
What are the prime factors of 2494?
2, 29, 43
What are the prime factors of 27333?
3, 3037
List the prime factors of 121412.
2, 127, 239
List the prime factors of 51986.
2, 11, 17, 139
List the prime factors of 4316.
2, 13, 83
List the prime factors of 106676.
2, 26669
What are the prime factors of 5738?
2, 19, 151
What are the prime factors of 63161?
7, 1289
List the prime factors of 161535.
3, 5, 11, 89
List the prime factors of 197.
197
List the prime factors of 3084.
2, 3, 257
What are the prime factors of 9253?
19, 487
What are the prime factors of 195?
3, 5, 13
What are the prime factors of 2373?
3, 7, 113
What are the prime factors of 1881?
3, 11, 19
List the prime factors of 6796.
2, 1699
What are the prime factors of 22567?
22567
What are the prime factors of 1272?
2, 3, 53
What are the prime factors of 812?
2, 7, 29
List the prime factors of 19102.
2, 9551
What are the prime factors of 1168?
2, 73
What are the prime factors of 19426?
2, 11, 883
What are the prime factors of 2277?
3, 11, 23
What are the prime factors of 9986?
2, 4993
List the prime factors of 4029.
3, 17, 79
List the prime factors of 6348.
2, 3, 23
List the prime factors of 982.
2, 491
List the prime factors of 1210.
2, 5, 11
List the prim